ghest common factor of 350 and 14.
14
Calculate the highest common divisor of 2223 and 188708.
247
What is the highest common factor of 22572 and 191444?
836
Calculate the highest common factor of 33232 and 2728.
248
Calculate the highest common factor of 801352 and 16.
8
What is the highest common divisor of 27376 and 118?
118
Calculate the greatest common divisor of 18 and 1290.
6
What is the highest common divisor of 928504 and 64?
8
What is the highest common factor of 2 and 457?
1
Calculate the greatest common divisor of 7015 and 345.
115
What is the greatest common factor of 777 and 365379?
21
What is the highest common divisor of 104 and 288964?
52
What is the highest common divisor of 1195659 and 45?
9
What is the greatest common divisor of 36 and 87750?
18
What is the greatest common factor of 21 and 3030237?
21
Calculate the highest common factor of 81330 and 90.
30
Calculate the greatest common factor of 1054 and 918.
34
Calculate the highest common divisor of 119 and 18156.
17
Calculate the greatest common factor of 1389 and 243.
3
What is the highest common divisor of 6 and 9081516?
6
What is the highest common factor of 168137 and 1756?
439
What is the highest common divisor of 9548 and 112?
28
What is the greatest common divisor of 4544 and 68?
4
What is the greatest common divisor of 179 and 9079417?
179
What is the highest common factor of 515 and 628197?
103
What is the greatest common factor of 6103599 and 366?
183
Calculate the highest common factor of 88510 and 530.
530
Calculate the greatest common factor of 385 and 106337.
77
What is the greatest common factor of 253313 and 411?
137
Calculate the highest common divisor of 13524 and 1380.
276
Calculate the highest common factor of 1224 and 32.
8
Calculate the greatest common factor of 183756 and 156.
12
What is the greatest common divisor of 632 and 1422?
158
What is the greatest common factor of 599 and 10091353?
599
What is the highest common divisor of 2555 and 13265?
35
What is the greatest common divisor of 40728 and 168?
24
Calculate the highest common factor of 522 and 419079.
87
What is the highest common divisor of 675 and 1956915?
45
Calculate the greatest common divisor of 1801545 and 15.
15
Calculate the greatest common divisor of 1299413 and 41.
41
What is the highest common factor of 1003 and 14535?
17
Calculate the highest common divisor of 319 and 107162.
11
What is the highest common divisor of 351730 and 17?
17
Calculate the highest common factor of 8960 and 21.
7
What is the highest common factor of 22834 and 18?
2
Calculate the highest common divisor of 1259588 and 88.
44
What is the greatest common divisor of 165125 and 3125?
125
What is the greatest common factor of 19 and 387410?
19
What is the greatest common factor of 685 and 711715?
685
What is the highest common divisor of 1112 and 488?
8
What is the highest common factor of 3454209 and 66?
33
Calculate the highest common divisor of 338560 and 368.
368
Calculate the greatest common divisor of 16 and 46672.
16
Calculate the greatest common factor of 325788 and 204.
204
Calculate the highest common divisor of 53 and 90683.
53
What is the highest common divisor of 73957 and 26?
13
What is the greatest common factor of 96 and 932224?
32
Calculate the greatest common divisor of 205 and 72857.
41
Calculate the highest common factor of 35332 and 242.
242
Calculate the highest common factor of 5952 and 66960.
1488
What is the highest common divisor of 81 and 59724?
27
Calculate the greatest common factor of 116435 and 1095.
365
What is the greatest common divisor of 3753787 and 68?
17
Calculate the greatest common factor of 241307 and 11.
11
Calculate the greatest common divisor of 150 and 193470.
30
Calculate the highest common divisor of 33087 and 246.
123
Calculate the greatest common factor of 972 and 51.
3
What is the greatest common factor of 1664 and 1534?
26
What is the greatest common divisor of 24 and 87228?
12
What is the highest common divisor of 1292 and 1877276?
1292
What is the highest common factor of 1134 and 8834?
14
What is the greatest common divisor of 13 and 83408?
13
Calculate the greatest common divisor of 1830 and 270.
30
Calculate the greatest common divisor of 378 and 7574.
14
Calculate the greatest common divisor of 1320 and 9064.
88
What is the greatest common factor of 32465 and 31257?
151
Calculate the highest common divisor of 119850 and 4250.
850
Calculate the greatest common divisor of 1225 and 303475.
25
What is the greatest common divisor of 246911 and 147?
49
What is the greatest common factor of 166822 and 15007?
349
What is the greatest common divisor of 448 and 47600?
112
Calculate the greatest common divisor of 29211 and 1092.
273
Calculate the greatest common divisor of 69597 and 418.
209
Calculate the greatest common divisor of 9604 and 252.
28
What is the highest common factor of 165 and 305283?
33
What is the highest common divisor of 371 and 84217?
371
What is the greatest common factor of 223 and 268938?
223
What is the greatest common divisor of 106 and 14092?
2
Calculate the highest common divisor of 30 and 1093170.
30
Calculate the greatest common factor of 1031586 and 152.
38
What is the greatest common factor of 438046 and 1868?
934
What is the highest common divisor of 14637 and 714?
357
What is the highest common divisor of 5328 and 62271?
333
What is the highest common factor of 18 and 65358?
18
Calculate the highest common divisor of 3870 and 5332.
86
Calculate the highest common divisor of 55440 and 6.
6
What is the greatest common factor of 460 and 221260?
460
Calculate the greatest common factor of 11640 and 190.
10
What is the highest common factor of 1770 and 29130?
30
What is the highest common divisor of 104 and 558012?
52
What is the greatest common divisor of 1960 and 4904?
8
What is the highest common factor of 451352 and 22?
22
Calculate the greatest common factor of 264 and 500676.
132
What is the greatest common divisor of 324300 and 12300?
300
What is the greatest common factor of 172 and 104662?
86
What is the highest common factor of 12582339 and 231?
231
Calculate the highest common divisor of 216 and 184.
8
What is the highest common divisor of 27821 and 12293?
647
What is the highest common divisor of 26 and 45929?
13
What is the greatest common factor of 436934 and 1448?
362
What is the highest common divisor of 1647 and 25376?
61
Calculate the highest common divisor of 3584 and 161728.
448
What is the highest common divisor of 48231 and 932?
233
Calculate the greatest common factor of 4275 and 9063.
171
Calculate the greatest common factor of 108 and 34857.
27
Calculate the greatest common factor of 150493 and 14.
7
What is the greatest common factor of 29805 and 45?
15
Calculate the highest common factor of 20 and 3684430.
10
Calculate the highest common divisor of 4326 and 42.
42
Calculate the highest common divisor of 66 and 141405.
33
Calculate the highest common divisor of 382247 and 4.
1
What is the greatest common factor of 25423 and 28?
1
What is the highest common factor of 39508 and 2828?
28
Calculate the highest common factor of 17901 and 1040.
13
Calculate the highest common divisor of 24879 and 24.
3
Calculate the greatest common factor of 501 and 267.
3
Calculate the greatest common factor of 37 and 175787.
37
Calculate the highest common divisor of 13181 and 3577.
49
What is the greatest common divisor of 663 and 7599?
51
Calculate the greatest common divisor of 162807 and 9.
3
Calculate the greatest common factor of 29480 and 25058.
1474
Calculate the highest common divisor of 27 and 1941.
3
Calculate the highest common factor of 3653 and 137971.
281
What is the greatest common divisor of 302 and 954773?
151
What is the greatest common divisor of 3113 and 66?
11
What is the greatest common divisor of 4 and 13372?
4
What is the highest common factor of 23464 and 24?
8
Calculate the greatest common divisor of 117 and 78507.
117
Calculate the greatest common divisor of 28769 and 949.
13
Calculate the greatest common divisor of 8 and 2708072.
8
What is the greatest common divisor of 1976 and 300872?
104
Calculate the highest common factor of 14847 and 6468.
147
Calculate the greatest common divisor of 4 and 353